mainder when 22 is divided by j(w).
4
Calculate the remainder when (-1431)/(-18)*(-116)/(-6) is divided by 35.
32
Let t(i) = 14*i - 26. Let d(z) = 4*z - 1. Let p be d(1). Suppose -2*x = -p*x + 29. Calculate the remainder when x is divided by t(3).
13
Suppose 0 = -2*u + 11*l - 6*l + 1517, -2*l = -3*u + 2281. Calculate the remainder when u is divided by 128.
121
Let d = 1402 - 1388. Calculate the remainder when (-147)/(-3) - (2 + -4) is divided by d.
9
Suppose -112 = -2*w - q - 2*q, 0 = -5*w - 2*q + 258. Calculate the remainder when (9/(-5) + 3)*w - 1 is divided by 21.
17
Let t be (20/8)/(5/4). Suppose 48 = t*f - f. What is the remainder when f is divided by 17?
14
Let x(w) = 4*w + 75. Calculate the remainder when 148 is divided by x(-11).
24
Suppose -q + 2212 = 5*v, -4*v + 9*v - q - 2218 = 0. What is the remainder when v is divided by 12?
11
Let j(h) = 29*h**3 + 7*h**2 - 15*h + 4. Calculate the remainder when j(2) is divided by 28.
10
Suppose 3*r - 18*w - 15 = -15*w, 4*w - 12 = 0. What is the remainder when ((-186)/9)/(2/(-6)) is divided by r?
6
Suppose -3*k + 12 = -0*k. Let u be (-12)/(-78) + 0 + (-100)/(-26). Suppose -20 = 2*w - u*w. What is the remainder when w is divided by k?
2
Let q(v) be the third derivative of v**4/24 + 19*v**3/3 - v**2. Let a be q(0). Suppose 2*y - 12 = a. Calculate the remainder when y is divided by 7.
4
Suppose 7*i - 17*i = -60. Suppose -i*s = -7*s + 10. Calculate the remainder when 27 is divided by s.
7
Calculate the remainder when 361 is divided by (-237)/(-2) - (294/(-28) - -11).
7
Calculate the remainder when 85 is divided by 27 - (-2 + (-6 - -6)).
27
Suppose 2*d + 69 - 91 = 0. What is the remainder when 72 is divided by d?
6
Let q = 533 - 515. What is the remainder when 105 is divided by q?
15
Let x be (-2)/4 - 11/(-2). Suppose x*b - 154 - 121 = 0. Suppose -5*k + 73 = -4*v, 5*k + 9*v - 4*v - b = 0. What is the remainder when 25 is divided by k?
12
Let b = -14 + 16. Let p = 2 + 0. Calculate the remainder when (b - -35) + (4 - p) is divided by 14.
11
Let l(h) = 3*h**2 + 41*h + 56. Calculate the remainder when l(-15) is divided by 64.
52
Let t = 9 + -1. Suppose 5*j + 4*j - 342 = 0. Calculate the remainder when j is divided by t.
6
Suppose 3*i + 8 = 38. Let t be 45/20 + (-1)/4. Suppose 38 = t*j - 38. What is the remainder when j is divided by i?
8
Suppose 164 + 22 = -3*n. Calculate the remainder when n/(-2) - (1 + 2 + -2) is divided by 16.
14
Suppose 6*z - 3737 = 127. What is the remainder when z is divided by 27?
23
Let g(w) = -w**3 + 4*w**2 + 6*w - 2. Let p be g(5). What is the remainder when -6*((-2)/3)/1*p is divided by 8?
4
Suppose 0 = -4*y + 3*y - 9. Let i be (-39)/y - (-6)/9. Suppose 0*x = -i*x + 75. Calculate the remainder when x is divided by 9.
6
Let z(c) = c**3 + 6*c**2 - 14*c - 2. Calculate the remainder when z(5) is divided by 26.
21
Suppose -7*d + 0*d + 119 = 0. Let y = 0 + 10. Suppose -3*v = -v - y. What is the remainder when d is divided by v?
2
Let c = -444 - -477. What is the remainder when c is divided by 4?
1
Let x(c) = -22 + 6 - c**2 + c**2 + 11*c + 7*c**2 - c**3. Calculate the remainder when 11 is divided by x(8).
3
Let o be 3 - 4 - (-4 - (3 - 0)). Calculate the remainder when 51 is divided by (o/(-15))/(-3 - 582/(-195)).
25
Suppose -15*z = -20*z + 85. Calculate the remainder when z is divided by -14*(-2 + (-9)/(-6)).
3
What is the remainder when 95 - ((0 - -7)/7 + -1) is divided by 68/6 - (-4)/6?
11
Let h(z) be the third derivative of -z**5/60 + 2*z**4/3 - 14*z**3/3 + 12*z**2. What is the remainder when h(13) is divided by 7?
4
Let o = 21 + -25. What is the remainder when o/(-1*3/27) is divided by 19?
17
Suppose 4*d + 324 = 10*d. Suppose 4*i = i + d. Let l = i + -13. Calculate the remainder when l is divided by 3.
2
Let p = 18 - 11. Let j(u) = u**3 - 7*u**2 + 3*u - 1. Let a = -145 + 222. Calculate the remainder when a is divided by j(p).
17
Suppose 2*g - 2 + 8 = 0, -5*t + 5*g = -25. Let d(k) = 2*k + 11 + t*k - 6*k + k. What is the remainder when d(4) is divided by 4?
3
Suppose -5*g - 154 = -4. Let z = -17 - g. Suppose -2*y = -y - z. What is the remainder when 24 is divided by y?
11
Let p(q) = 2*q**2 - 26*q - 123. Let c be (-2)/10 - 57/15. Let r(b) = 3*b**2 + 5*b + 1. Calculate the remainder when p(18) is divided by r(c).
28
Let v(k) = 23*k**2 - 2*k - 1. Let f be 1 + 1 - (3 + 0). What is the remainder when v(f) is divided by 20/(-50)*(-35)/2?
3
Let n = 154 - 94. Suppose 63 + n = 3*s. What is the remainder when s is divided by 14?
13
Let x = 16 + 20. What is the remainder when x is divided by 34?
2
Let f(y) = -y**3 + 9*y**2 + 13*y - 20. Let j(n) = -6*n**3 - 4*n**2 - 2*n + 1. Let s = 11 + -13. Calculate the remainder when j(s) is divided by f(10).
7
Let q be 0 - (61 - -3)/(-4). Let c(z) = z**3 - 4*z**2 + z + 1. Let l be c(5). Let x = l - q. Calculate the remainder when 27 is divided by x.
12
Let d = -42 - -62. Let o(b) = b**2 + 13. Calculate the remainder when d is divided by o(0).
7
Suppose -3*t + 15 - 6 = 0. Suppose t*s = -4*j + 158, 0 = -2*j - 7*s + 2*s + 72. Calculate the remainder when j is divided by 18.
5
Let s(t) = -12*t + 578. Suppose 3*d = 4*p + 2*d - 215, -d + 170 = 3*p. Calculate the remainder when p is divided by s(47).
13
Let i = -9410 + 9526. Suppose 0 = -2*z - 3*m + 43, 0 = -5*z + 2*m + 12 + 86. Calculate the remainder when i is divided by z.
16
Suppose 64*c - 20 = 60*c. Suppose -4*b + 20 = 7*v - c*v, -2*b = 4*v - 40. Let p(l) = 17*l. What is the remainder when p(1) is divided by v?
7
Let z be 5 - (0 + 4) - -38. What is the remainder when 89 is divided by (2/3 - (-143)/z)*3?
11
Let d(t) = -7*t + 340. Let q be d(48). Let f(s) = -19*s - 5. Let c be f(-4). What is the remainder when c + -7 + q + -1 is divided by 17?
16
Suppose -6*n + 9 = -3*n. Suppose -5*s + 2*v + 14 = 0, -5*s - v = -4*v - 16. Suppose n*h - 9 = s*h. What is the remainder when 33 is divided by h?
6
Let p(y) = 2*y**3 - 55*y**2 - 27*y - 20. Calculate the remainder when 18 is divided by p(28).
2
Let m(u) = u**2 + 5*u - 5. Let r be m(-6). Suppose -6*n + 5*n + r = 0. What is the remainder when 36 is divided by (4 - 30)*n/(-2)?
10
Let a(r) = r**3 + 28*r**2 - 60*r + 22. Calculate the remainder when 411 is divided by a(-30).
15
Let w = 45 - 10. Let s = -33 + w. Suppose -l + s*z = -14, 4*l - l - 35 = -z. What is the remainder when 20 is divided by l?
8
Suppose -u + 13 - 13 = 0. Suppose v = -u + 9. What is the remainder when 16 is divided by v?
7
Suppose w + 3*w + 4*p - 984 = 0, 2*w - 472 = 3*p. Let y(a) = 4*a**2 + 19*a - 14. What is the remainder when w is divided by y(-7)?
46
Calculate the remainder when 114 is divided by (4*(-90)/12)/(2 + -3).
24
Let p = 42 + -52. Let r(b) = 2*b**2 + 21*b + 15. What is the remainder when 19 is divided by r(p)?
4
Suppose 4*z + 8 + 4 = -5*k, 0 = 2*k - 5*z - 15. Suppose -3*o + 2*t - 7 - 5 = 0, k = 2*o - 2*t + 10. What is the remainder when 64 is divided by ((-4)/2)/(o/33)?
31
Let j be 4/6 - (-132)/(-36). Let c(f) = -3*f**3 - 3*f**2 + f - 4. What is the remainder when c(j) is divided by 17?
13
Suppose 12*i - 40 = 22*i. Let z(t) be the second derivative of t**4/2 + 11*t**3/6 + 2*t**2 - 2*t. What is the remainder when z(i) is divided by 19?
18
Let j = 24 + -21. Suppose j*s = -5*p + 569, -4*p - s + 454 = s. What is the remainder when p is divided by 23?
20
What is the remainder when 125 is divided by (3 + -6)/((-250)/(-64) - 4)?
29
Let j(x) = x - 4. Let l be j(8). Suppose 0 = l*f - 102 + 42. Calculate the remainder when ((-8)/(-5))/((-4)/(-70)) is divided by f.
13
Suppose 0*u - 4*b = 5*u - 200, -u - b + 39 = 0. Calculate the remainder when 94 is divided by u.
6
Suppose 2 = l, 2*k - 2*l + 10 = -0*k. Let x be (k/(3 - 6))/1. Calculate the remainder when 50 is divided by (-104)/(-6) - x/3.
16
Suppose 0 = 11*m - 112 - 42. Calculate the remainder when m is divided by (-2)/(-4)*0 - -9.
5
Let l(n) = 4*n**2 - 12*n + 73. Let r(b) = b**2 - 3*b + 18. Let k(g) = -2*l(g) + 9*r(g). What is the remainder when k(6) is divided by 13?
8
Let b = -43 - -66. What is the remainder when 89 is divided by b?
20
Let h = 250 + -244. Calculate the remainder when 77 is divided by h.
5
Let a = -17060 - -17122. What is the remainder when (-1)/(-3) + (-718)/(-6) is divided by a?
58
Let u = 7 - -12. Suppose u*o + 262 = 21*o. C